{"id":482,"date":"2025-08-09T17:44:23","date_gmt":"2025-08-09T15:44:23","guid":{"rendered":"https:\/\/timo-brunn.de\/?page_id=482"},"modified":"2025-08-09T17:44:23","modified_gmt":"2025-08-09T15:44:23","slug":"datenschutz","status":"publish","type":"page","link":"https:\/\/timo-brunn.de\/index.php\/datenschutz\/","title":{"rendered":"Datenschutz"},"content":{"rendered":"\n<p>Ich, Timo Brunn, nehme den Schutz Ihrer personenbezogenen Daten sehr ernst. Ihre Daten werden vertraulich und gem\u00e4\u00df den gesetzlichen Datenschutzvorschriften (DSGVO, BDSG) sowie dieser Erkl\u00e4rung behandelt.<\/p>\n\n\n\n<p><strong>1. Erhobene Daten<\/strong><br>Ich verarbeite in der Regel folgende personenbezogene Daten:<\/p>\n\n\n\n<ul class=\"wp-block-list\">\n<li>Name<\/li>\n\n\n\n<li>Anschrift<\/li>\n\n\n\n<li>Kontaktdaten (Telefonnummer, E-Mail-Adresse)<\/li>\n\n\n\n<li>Bei bestimmten Vertr\u00e4gen oder technischen Leistungen: IP-Adresse<\/li>\n<\/ul>\n\n\n\n<p><strong>2. Zweck der Datenverarbeitung<\/strong><br>Die Verarbeitung Ihrer Daten erfolgt ausschlie\u00dflich, um:<\/p>\n\n\n\n<ul class=\"wp-block-list\">\n<li>Anfragen zu beantworten<\/li>\n\n\n\n<li>Dienstleistungen zu erbringen<\/li>\n\n\n\n<li>Vertr\u00e4ge vorzubereiten, abzuschlie\u00dfen und abzuwickeln<\/li>\n\n\n\n<li>Gesetzliche Pflichten zu erf\u00fcllen (z. B. steuerliche Aufbewahrungsfristen)<\/li>\n<\/ul>\n\n\n\n<p><strong>3. Weitergabe von Daten<\/strong><br>Eine Weitergabe an Dritte erfolgt nur, wenn dies f\u00fcr die Vertragserf\u00fcllung erforderlich ist (z. B. an beauftragte Dienstleister) oder wenn eine gesetzliche Verpflichtung besteht.<\/p>\n\n\n\n<p><strong>4. Speicherdauer<\/strong><br>Ihre Daten werden nur so lange gespeichert, wie dies f\u00fcr die Erbringung der Dienstleistung und die Erf\u00fcllung gesetzlicher Aufbewahrungspflichten erforderlich ist.<\/p>\n\n\n\n<p><strong>5. Ihre Rechte<\/strong><br>Sie haben jederzeit das Recht auf Auskunft, Berichtigung, L\u00f6schung, Einschr\u00e4nkung der Verarbeitung, Widerspruch sowie Daten\u00fcbertragbarkeit.<br>Zur Aus\u00fcbung Ihrer Rechte gen\u00fcgt eine formlose Mitteilung an:<\/p>\n\n\n\n<p>Timo Brunn<br>Hauptstr. 106<br>63853 M\u00f6mlingen<br>E-Mail: <a>Timo@timo-brunn.de<\/a><\/p>\n\n\n\n<p><strong>6. Recht auf Beschwerde<\/strong><br>Sie k\u00f6nnen sich bei der zust\u00e4ndigen Datenschutzaufsichtsbeh\u00f6rde beschweren, wenn Sie der Ansicht sind, dass die Verarbeitung Ihrer Daten gegen Datenschutzrecht verst\u00f6\u00dft.<\/p>\n","protected":false},"excerpt":{"rendered":"<p>Ich, Timo Brunn, nehme den Schutz Ihrer personenbezogenen Daten sehr ernst. Ihre Daten werden vertraulich und gem\u00e4\u00df den gesetzlichen Datenschutzvorschriften (DSGVO, BDSG) sowie dieser Erkl\u00e4rung behandelt. 1. Erhobene DatenIch verarbeite in der Regel folgende personenbezogene Daten: 2. Zweck der DatenverarbeitungDie Verarbeitung Ihrer Daten erfolgt ausschlie\u00dflich, um: 3. Weitergabe von DatenEine Weitergabe an Dritte erfolgt nur, [&hellip;]<\/p>\n","protected":false},"author":2,"featured_media":0,"parent":0,"menu_order":0,"comment_status":"closed","ping_status":"closed","template":"","meta":{"footnotes":""},"class_list":["post-482","page","type-page","status-publish","hentry"],"aioseo_notices":[],"_links":{"self":[{"href":"https:\/\/timo-brunn.de\/index.php\/wp-json\/wp\/v2\/pages\/482","targetHints":{"allow":["GET"]}}],"collection":[{"href":"https:\/\/timo-brunn.de\/index.php\/wp-json\/wp\/v2\/pages"}],"about":[{"href":"https:\/\/timo-brunn.de\/index.php\/wp-json\/wp\/v2\/types\/page"}],"author":[{"embeddable":true,"href":"https:\/\/timo-brunn.de\/index.php\/wp-json\/wp\/v2\/users\/2"}],"replies":[{"embeddable":true,"href":"https:\/\/timo-brunn.de\/index.php\/wp-json\/wp\/v2\/comments?post=482"}],"version-history":[{"count":1,"href":"https:\/\/timo-brunn.de\/index.php\/wp-json\/wp\/v2\/pages\/482\/revisions"}],"predecessor-version":[{"id":483,"href":"https:\/\/timo-brunn.de\/index.php\/wp-json\/wp\/v2\/pages\/482\/revisions\/483"}],"wp:attachment":[{"href":"https:\/\/timo-brunn.de\/index.php\/wp-json\/wp\/v2\/media?parent=482"}],"curies":[{"name":"wp","href":"https:\/\/api.w.org\/{rel}","templated":true}]}}